= -3*k - 5*l + 13 + 26, -3*l = -b*k + 23. What is the greatest common divisor of 1 and k?
1
Suppose 150 = 5*c - 3*l, 0 = -5*c - 4*l + 46 + 104. Suppose 0 = -5*z + x - 4*x + 66, 57 = 3*z - 4*x. Calculate the greatest common divisor of c and z.
15
Let l = 155 - 83. Calculate the highest common factor of 18 and l.
18
Let b be 23 - (-3 - (0 + -2)). Let j = 2 - -10. Calculate the highest common divisor of j and b.
12
Suppose 2*y + 3*x - 48 = 0, -4*x + 0*x = 2*y - 48. Calculate the highest common factor of 12 and y.
12
Suppose 3*r + 0*v + 4*v - 44 = 0, 5*r - 5*v - 50 = 0. Calculate the highest common factor of 12 and r.
12
Let x be (648/(-63))/(6/(-28)). Let q = -14 + x. Let o = 73 + -22. Calculate the highest common divisor of q and o.
17
Suppose q + 2*q = -4*c + 77, -2*c + 3*q = -25. Suppose 2*g + 2*g - 340 = 0. What is the highest common factor of g and c?
17
Suppose 3*c - 4*c = 1, 5*c = -2*u + 79. Suppose 43 = 5*w - 27. What is the greatest common divisor of u and w?
14
Let d(o) = 13*o**3 + 2*o - 3. Let z be d(2). Let g be (-11)/2*6720/(-880). What is the highest common divisor of z and g?
21
Let w = -6 - -10. Suppose -2*d - 3*h - 2*h + 81 = 0, 4*d + w*h = 180. Calculate the highest common divisor of d and 120.
24
Let z be ((-9)/15)/((-2)/50). Suppose -5*h - 605 = -2*y - 66, -5*h = -z. Let s = 502 - y. What is the greatest common divisor of 25 and s?
25
Suppose -b - 3 = -2*b. Suppose t + 4*n - 30 = -2*t, b*t - 5*n = 3. Calculate the highest common factor of 9 and t.
3
Let y(g) = -g**3 + 11*g**2 - 8*g + 1. Let h be y(10). Let d = 33 - h. What is the greatest common factor of 8 and d?
4
Let q = 45 - 39. Calculate the greatest common divisor of q and 54.
6
Suppose -4*m + 4*k + 84 = 0, 0 = -2*m - 5*k + 47 - 12. What is the highest common factor of 40 and m?
20
Let i(c) = c**3 + 4*c**2 + 6*c + 25. Let t be i(-4). What is the highest common factor of t and 3?
1
Suppose d + 0*c - 42 = 5*c, -2*d = -4*c - 72. Let y be (-6)/(-15) - 36/(-10). Calculate the greatest common divisor of y and d.
4
Suppose 5*y - 5*b - 70 = 0, 2*y - 4*b + 3*b = 28. Let x = 0 - -2. Suppose x*j = j + 42. Calculate the highest common divisor of j and y.
14
Let t be ((-1461)/(-2 + 1))/3. Suppose -2*q = 5*m - t, 4*m = 4*q + 386 + 26. What is the highest common factor of 9 and m?
9
Suppose -3*z + 71 = q, 0 = -0*z - 2*z + 4*q + 24. Let t be 24/11 - z/121. Calculate the highest common factor of 10 and t.
2
Let h be 5 + (6/(-6))/1. Let d be 4 - (1 - (1 - 0)). Calculate the highest common divisor of h and d.
4
Let z = 13 - 13. Suppose z = -3*r + 3 + 15. Let i = 114 - 48. What is the greatest common divisor of r and i?
6
Let x = -8 - -30. Suppose -l = 3*k - 37, -2*l + 3*k + 7 = -l. Calculate the greatest common factor of x and l.
22
Suppose -135 = -4*g + 5*o + 15, -o + 138 = 4*g. What is the greatest common divisor of 7 and g?
7
Let y be -2 + 11 + 2 - -1. Let c be ((-212)/(-3))/((-3)/(-18)). Suppose -v + 0*v = m - 110, -4*m + 4*v + c = 0. What is the greatest common divisor of y and m?
12
Let f be (0 - 2)*5/(-2). Suppose -2*b + 119 = -3*s - 0*s, -2*s + 269 = 5*b. Calculate the highest common factor of b and f.
5
Suppose 0 = -3*g + g + n + 11, -3*n - 3 = 0. Calculate the greatest common factor of 55 and g.
5
Let f(q) be the first derivative of 8*q**2 - q - 5. Let h be f(1). Calculate the highest common factor of h and 135.
15
Suppose -4*k = 4 - 0. Let x be k - -3 - 6/(-3). What is the highest common factor of 4 and x?
4
Let r(t) = 5*t**2 + 8*t - 13. Let s be r(2). Calculate the highest common divisor of 23 and s.
23
Let d(p) be the second derivative of p**4/12 + 7*p**3/6 + 3*p**2 - 3*p. Let o be d(-7). Let x = 0 - -9. What is the highest common divisor of o and x?
3
Suppose -2 = w - 15. What is the greatest common factor of w and 39?
13
Suppose 2*c = 10*m - 13*m + 362, 0 = 5*c - 3*m - 863. What is the greatest common divisor of c and 25?
25
Suppose 0*r - 20 = 4*r - 2*n, 5*r - 3*n = -27. Let s = r + 8. What is the greatest common factor of s and 20?
5
Suppose -w + 23 = j, -2*j = 2*w + j - 45. Let g be 60/(-9)*(-12)/10. Calculate the greatest common factor of w and g.
8
Suppose -3*m - v - 150 = 2*v, 0 = 2*m + 5*v + 94. Let b = -26 - m. Let n = 39 - b. What is the greatest common divisor of n and 104?
13
Let o be (2/(-3))/(4/(-102)). What is the highest common divisor of o and 17?
17
Let y be 32/48 - (-58)/3. What is the greatest common divisor of y and 20?
20
Let i be (-15)/(-10) - (-3)/6. What is the greatest common factor of 8 and i?
2
Suppose -3*d - 4*f = -27, -3*f = 3*d - 2*f - 27. Let h = 5 - 1. Suppose -5*j + 1 = -h. What is the highest common factor of d and j?
1
Suppose -2*m - 8 = -3*z, -8*m + 2 = -3*m - 2*z. Let v be ((-5)/(-2))/(1/m). Calculate the greatest common factor of v and 55.
5
Suppose 132 = c + 2*c. What is the greatest common factor of c and 154?
22
Suppose -156 = -3*u + 3*d, 5*u - 90 - 182 = 2*d. Calculate the greatest common factor of u and 7.
7
Let c = -11 + 29. What is the greatest common factor of 27 and c?
9
Suppose -2*i + 43 = -7. Suppose 0 = 5*v - q - q - i, 0 = -2*v + 4*q + 26. Calculate the greatest common divisor of 30 and v.
3
Let g be (-2)/11 + (-1986)/(-33). What is the highest common divisor of 12 and g?
12
Suppose -9*r + 15 = -4*r. Calculate the highest common divisor of 3 and r.
3
Suppose 3*a - 15 = -2*a, -5*l + 4*a = -308. Calculate the highest common factor of l and 8.
8
Let x(u) = -u**3 + 9*u**2 - 7*u - 4. Let z be x(7). Calculate the greatest common factor of 9 and z.
9
Let r be (-36)/(-10)*15/9. Calculate the greatest common factor of r and 24.
6
Let x = -43 - -138. What is the greatest common divisor of 5 and x?
5
Suppose -87 = -4*w - j, -3 = -w + 4*j + 6. What is the highest common divisor of w and 3?
3
Let n = 228 - 108. Calculate the greatest common divisor of n and 15.
15
Suppose 56 = 8*f - 7*f. Let x(c) = -c**3 - c**2 - c + 14. Let p be x(0). Calculate the greatest common divisor of f and p.
14
Let i be (-40)/(-22) + 6/33. Suppose 0*q - i = -q. Suppose q*k + 4*m = 138, -k + 3*m = 2*m - 78. What is the greatest common divisor of k and 15?
15
Let k(u) = u**3 - 8*u**2 - 5*u + 4. Let h be k(9). What is the highest common factor of h and 100?
20
Let n be (-6)/(-2) - -3*2. Let x(p) = 5 - n - 26*p + 2. Let c be x(-2). What is the highest common divisor of c and 20?
10
Let v(p) = -3*p**2 - 2*p**2 + 1 + 6*p**2 - 4*p. Suppose 2*r = -g - 3, -3*g + 6*r = 4*r + 9. Let q be v(g). What is the highest common factor of q and 2?
2
Suppose 5*w + 5 = 0, 0 = 3*l - l + 4*w - 276. Suppose -140 = -2*t - 3*t. What is the greatest common factor of l and t?
28
Suppose 0 = 2*u - 0*u - 72. Let k = 29 - 17. What is the greatest common divisor of k and u?
12
Let l be -3 - -214 - 4/(-2). Let x = -117 + l. Let j(a) = a**3 - 4*a**2 - 4*a + 7. Let t be j(5). What is the greatest common factor of x and t?
12
Let n(q) = -q**2 - 10*q - 7. Let c be n(-8). Let h = 16 - -47. Calculate the highest common factor of h and c.
9
Let k = 68 + -35. Suppose k = 4*u + 1. What is the greatest common divisor of u and 24?
8
Suppose -180 = -3*c - 2*c. Let t = 5 - -4. Calculate the greatest common divisor of t and c.
9
Suppose -3*p - 4*s - 18 = -6*p, 2*p + s - 23 = 0. Let o = -18 + 28. Calculate the highest common divisor of p and o.
10
Let i(w) = 8*w**2 - 3*w - 3. Let q be i(-2). Suppose u - 4 = 1. What is the highest common factor of q and u?
5
Let t(h) = -h**3 - 6*h**2 - 4*h - 7. Let s be t(-6). Calculate the greatest common divisor of 153 and s.
17
Let j be 1/(46/22 + -2). Let h be (-2)/j + 312/22. Let z be (0 - -1 - 1) + h. What is the highest common divisor of z and 56?
14
Let l(i) = i**3 - 3*i + 3. Let k be l(3). Suppose -5*o = 10, 3*d = 5*d + 4*o - 6. Calculate the highest common factor of k and d.
7
Let p be ((-420)/(-50))/((-2)/(-5)). Calculate the highest common factor of p and 84.
21
Suppose 67 - 27 = 4*r. Let d = -38 - -56. Suppose -l + d = -2. What is the greatest common divisor of l and r?
10
Suppose 0 = 4*y - 3*u - u - 32, y = 5*u + 28. Suppose -2*a - 15 = y*a, 4*a + 162 = 3*z. Calculate the highest common divisor of z and 20.
10
Let y be 1/(-1)*-1*4. Suppose -72 = -3*b - y*z - 4, 0 = -b + 3*z + 27. Calculate the greatest common factor of 3 and b.
3
Let z(k) = 6*k**2 - 3*k + 4. 